{"id":11,"date":"2018-11-01T11:38:27","date_gmt":"2018-11-01T10:38:27","guid":{"rendered":"http:\/\/himmelszelt-mg.de\/wordpress\/?page_id=11"},"modified":"2018-11-05T23:26:48","modified_gmt":"2018-11-05T22:26:48","slug":"ueber-mich","status":"publish","type":"page","link":"https:\/\/himmelszelt-mg.de\/wordpress\/ueber-mich\/","title":{"rendered":"\u00dcber uns"},"content":{"rendered":"<p>Als gemeinn\u00fctziger Verein haben wir es uns zum Ziel gesetzt,<\/p>\n<p>die Bildung und Erziehung der Kinder in der integrativen Kindertagesst\u00e4tte Himmelszelt materiell, ideell und finanziell zu unterst\u00fctzen.<\/p>\n<p>Der F\u00f6rderverein finanziert sich durch Mitgliedsbeitr\u00e4ge, Geld- und Sachspenden und durch die Organisation und Durchf\u00fchrung von Veranstaltungen, welche finanzielle Ertr\u00e4ge einbringen.<\/p>\n<p>Der F\u00f6rderverein der Kita Himmelszelt lebt von der Zusammenarbeit. Wir bieten allen Interessierten, gleichg\u00fcltig ob Eltern, Gro\u00dfeltern, Freunden oder Unternehmen, die M\u00f6glichkeit sich in verschiedener Form zu beteiligen.<\/p>\n<p>Wir suchen immer helfende H\u00e4nde und freuen uns sehr \u00fcber neue Mitglieder, die frischen Wind und neue Ideen einbringen.<\/p>\n<p>Viele tolle Projekte warten auf uns!<\/p>\n<p>Der F\u00f6rderverein wurde im Dezember 2011 gegr\u00fcndet und ist im Vereinsregister des Amtsgerichts M\u00f6nchengladbach eingetragen.<br \/>\nDer Verein ist eine Einrichtung, die aufgrund ihres steuerlichen Status\u2018 (Gemeinn\u00fctzigkeit) in der Lage ist, Spendenmittel und F\u00f6rdergelder zu Gunsten der St\u00e4dtischen integrativen Kindertagesst\u00e4tte Himmelszelt zu beschaffen. So k\u00f6nnen wir die p\u00e4dagogische Arbeit der kiTa sowie die ideelle Arbeit des Elternrates mit Sachmitteln unterst\u00fctzen.<\/p>\n<p>Die Gemeinn\u00fctzigkeit wurde vom Finanzamt anerkannt, der F\u00f6rderverein darf also Spendenbescheinigungen ausstellen.<\/p>\n","protected":false},"excerpt":{"rendered":"<p>Als gemeinn\u00fctziger Verein haben wir es uns zum Ziel gesetzt, die Bildung und Erziehung der Kinder in der integrativen Kindertagesst\u00e4tte Himmelszelt materiell, ideell und finanziell zu unterst\u00fctzen. Der F\u00f6rderverein finanziert sich durch Mitgliedsbeitr\u00e4ge, Geld- und Sachspenden und durch die Organisation und Durchf\u00fchrung von Veranstaltungen, welche finanzielle Ertr\u00e4ge einbringen. Der F\u00f6rderverein der Kita Himmelszelt lebt von [&hellip;]<\/p>\n","protected":false},"author":1,"featured_media":8,"parent":0,"menu_order":0,"comment_status":"closed","ping_status":"closed","template":"","meta":{"footnotes":""},"class_list":["post-11","page","type-page","status-publish","has-post-thumbnail","hentry"],"_links":{"self":[{"href":"https:\/\/himmelszelt-mg.de\/wordpress\/wp-json\/wp\/v2\/pages\/11","targetHints":{"allow":["GET"]}}],"collection":[{"href":"https:\/\/himmelszelt-mg.de\/wordpress\/wp-json\/wp\/v2\/pages"}],"about":[{"href":"https:\/\/himmelszelt-mg.de\/wordpress\/wp-json\/wp\/v2\/types\/page"}],"author":[{"embeddable":true,"href":"https:\/\/himmelszelt-mg.de\/wordpress\/wp-json\/wp\/v2\/users\/1"}],"replies":[{"embeddable":true,"href":"https:\/\/himmelszelt-mg.de\/wordpress\/wp-json\/wp\/v2\/comments?post=11"}],"version-history":[{"count":3,"href":"https:\/\/himmelszelt-mg.de\/wordpress\/wp-json\/wp\/v2\/pages\/11\/revisions"}],"predecessor-version":[{"id":70,"href":"https:\/\/himmelszelt-mg.de\/wordpress\/wp-json\/wp\/v2\/pages\/11\/revisions\/70"}],"wp:featuredmedia":[{"embeddable":true,"href":"https:\/\/himmelszelt-mg.de\/wordpress\/wp-json\/wp\/v2\/media\/8"}],"wp:attachment":[{"href":"https:\/\/himmelszelt-mg.de\/wordpress\/wp-json\/wp\/v2\/media?parent=11"}],"curies":[{"name":"wp","href":"https:\/\/api.w.org\/{rel}","templated":true}]}}